 Let r be (-15)/2*(7 + x). Calculate the greatest common divisor of f and r.
6
Let h = 79 + -34. Suppose 0 = -3*t + 3*d + 655 + 296, -3*t + 2*d + 949 = 0. Calculate the greatest common divisor of t and h.
45
Suppose 3*v - 252 = 6*v. Let q be (v/10)/((-4)/20). Suppose 0 = 3*a - 6*a + q. Calculate the greatest common divisor of a and 42.
14
Suppose -a + 4*a - 111 = 0. Let v = 758 - 434. Suppose 28 = -r + v. Calculate the greatest common divisor of r and a.
37
Let u = 7 - -73. Let f = u - 29. What is the highest common factor of f and 408?
51
Let k(c) = -c**3 - 14*c**2 - 11*c + 15. Let v be k(-14). Calculate the highest common divisor of v and 39.
13
Suppose 0 = 3*k + 4*b - 134 + 78, -5*b = 20. Calculate the highest common factor of k and 108.
12
Suppose 2*y - 3181 = -5*p, -20*p + 22*p - 7984 = -5*y. What is the highest common factor of 34 and y?
34
Suppose 141 + 102 = 3*s. Suppose 2*j = -o + 28, s = -4*j + 9*j - 3*o. Let k(y) = 60*y**2 + y + 1. Let n be k(-1). What is the highest common divisor of n and j?
15
Let z be (2 - (-3 - 0))/1. Suppose 0 = -z*f + f + 144. What is the highest common divisor of 9 and f?
9
Let m = 3 - -13. Suppose m = -6*u - 14. Let g(q) = q**2 + 3*q - 1. Let f be g(u). Calculate the highest common factor of f and 3.
3
Let o be 1/(-5) + 410/50. Let m be 2*-1*1 + 4. Suppose m*d - 19 = 21. Calculate the greatest common divisor of d and o.
4
Let t(q) = -q**3 + 10*q**2 + 1. Let l be t(6). Suppose -v - 147 = -5*c, -4*v + 108 = c + 3*c. What is the highest common factor of c and l?
29
Suppose 3*j - 172 = -2*b, -b - 13 = -2*j - 85. Suppose -3*i = 5*r - b, -r - 3*i + 18 = 2. Calculate the greatest common divisor of r and 24.
8
Let i = -721 + 829. What is the highest common divisor of i and 171?
9
Let k(v) = -v**3 + 11*v**2 + 7*v - 5. Let n be ((-54)/(-21) + -4)*-7. Let g be k(n). Calculate the highest common factor of g and 15.
15
Let a be (-5)/(-45) + 497/63. Calculate the greatest common factor of a and 6.
2
Suppose 3*r - 120 - 192 = 0. Let i = 38 - 25. What is the greatest common divisor of i and r?
13
Let q(n) = 10*n**2 - 2*n. Suppose -2*x = -5*x + 6. Let m(p) = -p - 1. Let h be m(x). Let g be q(h). What is the highest common divisor of 12 and g?
12
Suppose 0 = -y + 2*r + 21, 0*y - 5*r = 4*y - 123. Let k = -66 - -66. Suppose 4*n - 12*n + 1512 = k. Calculate the highest common factor of n and y.
27
Suppose -3*k + r + 174 = 0, 4*k - 2*k - r = 115. Suppose k = 5*c + 4*v - 46, 3*v - 83 = -4*c. Let f = -10 + 95. Calculate the highest common factor of c and f.
17
Let c be 16/2 - (6 - 10). What is the highest common divisor of c and 22?
2
Suppose -3*k + 207 = s, 4*s + 2*k = 1084 - 306. Let g = -21 - -59. Let d = g + -14. What is the greatest common factor of s and d?
24
Let t be 246/22 - 6*(-10)/(-330). What is the highest common factor of t and 3817?
11
Let q = 368 + -198. Suppose 84 = 4*j - 4*l, 2*j = -0*j - l + 30. What is the highest common factor of q and j?
17
Let q be 9*((-20)/(-6) + -2). Suppose -2*g - 3*s - 29 + 230 = 0, 0 = -4*g - 2*s + 422. Calculate the greatest common divisor of q and g.
12
Suppose 0*i = 3*i + 12. Let r be -1*2*i*1. Let t be (-20)/(-3)*(r - -4). Calculate the greatest common divisor of 8 and t.
8
Suppose 3*q + 23 = b, 0 = 2*q + 2*q + 8. Suppose b = 5*t - 8. Suppose -2*l - t*c = -9, -l + 0*c - c = -9. What is the greatest common factor of 12 and l?
12
Let x be -2*-4*1 - -2. Suppose -410 = -8*k + 13*k. Let d = -32 - k. Calculate the greatest common divisor of d and x.
10
Let x be (2 + -24*1 - -2)*-1. Suppose -q + x = 18. What is the greatest common divisor of q and 22?
2
Let s(x) = x**3 - 3*x**2 + x. Let m be s(3). Suppose -m*c = -69 - 3. Suppose -f + 108 = 2*f. Calculate the highest common factor of c and f.
12
Let z = -33 + 37. Suppose -z*o = -2*x - 66, -5*x = -o - 0*x + 39. What is the greatest common factor of 14 and o?
14
Let q be ((-8)/(-4) - 0)*-4. Let d be 4/q*2*-2. Suppose 0 = -5*k - 4*w - w - 5, 4*w = -20. What is the highest common divisor of d and k?
2
Let o(x) be the first derivative of 2 - 3 - 2 + 12*x - 8 - 3*x**2. Let y be o(-6). Calculate the greatest common factor of y and 16.
16
Let x be 6/10 + 162/5. Suppose 120*a = 126*a - 18. Calculate the greatest common divisor of x and a.
3
Suppose -2*p = -6*p + 8. Let g be 49/1 + (p - 1). Suppose -45 = y - 2*y + 5*k, 65 = 4*y + 3*k. Calculate the highest common factor of g and y.
10
Let i(w) = 4*w + 4. Let j be i(5). Let a be 17 - (-1 - 24/(-4)). What is the greatest common divisor of j and a?
12
Let f be 114/24 + (-1)/(-4). Suppose 0 = 5*g - 3*g - 50. What is the greatest common factor of g and f?
5
Let v(u) = 44*u**2 + 3*u - 2. Let z be v(2). Suppose 5*p - p = z. Let q = -2 - -7. What is the highest common divisor of p and q?
5
Let r(t) = -5 - 6 - 3 + 9 - 10*t. Let g be r(-3). What is the highest common divisor of 50 and g?
25
Let p = 1227 + -1019. Calculate the highest common divisor of 128 and p.
16
Suppose -2*g + 5 = -3*g - a, -g = -3*a - 15. Suppose r - u - 5 = g, 40 = 3*r + 5*u + 1. Calculate the highest common divisor of 4 and r.
4
Let h = -13 - -13. Let p(k) = -11*k + 6 + 16*k + h*k - k**2. Let q be p(5). Calculate the highest common divisor of q and 54.
6
Let t(k) = 3*k**3 - 22*k**2 + 4. Let c be t(8). Let n = 39 + -27. What is the highest common factor of n and c?
12
Let c(n) = 69*n - 3. Let m(j) = j + 4. Let i be m(-2). Let x be c(i). What is the highest common divisor of 27 and x?
27
Let r(q) = q**3 - 15*q**2 + q - 13. Let x be r(15). Suppose -o + 70 = -x*t - 2*t, -3*o = 2*t - 140. Calculate the greatest common factor of o and 20.
10
Let i be 24/(-396)*11*366/(-4). Calculate the highest common factor of 5 and i.
1
Suppose -r - z = 2*r + 1791, 5*z = -3*r - 1779. Let j be 9/45 + r/(-10). What is the highest common factor of j and 6?
6
Let b(q) = 17*q**2 + q + 1. Let x be b(-1). Let k be (-2*(-119)/(-28))/((-2)/4). What is the greatest common divisor of k and x?
17
Suppose 5*c = 4*u - 2*u + 15, 2*c = -u + 15. Let j = u - -9. Suppose 0*z + 3*z + 127 = m, 4*z - 428 = -4*m. What is the highest common factor of m and j?
14
Suppose 0 = 30*w - 385 + 55. Let u(l) = 2*l**3 - l**2 + 3*l - 3. Let c be u(4). What is the highest common divisor of c and w?
11
Let r = 1044 + -931. What is the greatest common factor of r and 1?
1
Suppose -14*x + 17*x = -48. Let t be (x/10)/(3/(-30)). Let h be (-4)/12 + 49/3. Calculate the highest common factor of h and t.
16
Suppose -p + 3*u + 0*u = -4, u = 4*p - 16. Suppose -2*l + 17 = -2*a - a, 2*l - 20 = p*a. Calculate the highest common divisor of 20 and l.
4
Suppose 94 = l - 42. Let f(a) = 7*a - 2. Let s be f(2). Let w = s - -5. What is the highest common factor of l and w?
17
Let k = 12 + -8. Suppose 2*a + 6 = k*a. Suppose 15 = a*g - 18. Calculate the highest common factor of 55 and g.
11
Suppose 0 = -2*d - m + 29, 5*d - 25*m + 26*m - 77 = 0. Calculate the greatest common factor of 1808 and d.
16
Let q be (-36)/42*1*-49. Suppose -x + q = -49. What is the highest common divisor of x and 13?
13
Suppose 6*u = -3*u + 144. Let b be 48/(-10)*80/(-24). What is the greatest common divisor of b and u?
16
Let s(v) = 26*v - 6. Let p be s(3). Calculate the highest common divisor of 144 and p.
72
Let z(o) = -20*o - 5. Suppose 4*j + 301 = 5*u, -197 = 5*j + 4*u + 128. Let l be (-2)/5 + j/15. Let a be z(l). What is the greatest common divisor of 38 and a?
19
Let u = -2594 - -2636. What is the greatest common factor of 399 and u?
21
Suppose -4*p + 11 = -5. What is the highest common divisor of 1 and p?
1
Let l(i) = -2*i + 7. Let u be l(12). Let b = 20 + u. Suppose b*h - 13 = 20. Calculate the greatest common divisor of 11 and h.
11
Suppose -2*s = 5*r - 9, 3*r = s - 7 + 19. Suppose -r*i = -0*i - 9. Suppose -k = m + 4*m - 124, k = i*m - 68. What is the greatest common factor of m and 60?
12
Let l(y) = y**3 + 17*y**2 - 18*y + 4. Let r be l(-18). Suppose -5*g + r*g = -2. What is the greatest common factor of 2 and g?
2
Suppose 5*a - 13 = 57. Suppose -4*i + 6 = 2*x, -i - 4*i - 5*x = -5. Suppose i*l - 7 = 217. Calculate the greatest common divisor of l and a.
14
Let g be ((-16)/(-12))/((-18)/(-864)). What is the greatest common factor of 64 and g?
64
Let c = 22 - 65. Let n = c - -67. What is the greatest common divisor of 16 and n?